 first derivative of -h**2/2 + 4*h - 11. Give x(0).
4
Let i(r) be the third derivative of 1/6*r**3 - 1/8*r**4 - 5*r**2 + 1/120*r**6 + 1/30*r**5 + 0 + 0*r. What is i(2)?
11
Let x(y) = -4*y**3 + 0*y + 5*y**3 - y + y**2 - 2 + 2*y**2. Let n be x(-3). Let s(f) = f + 0*f - n + f**2 + 4*f - 4*f. Give s(1).
1
Let u(a) be the third derivative of a**5/12 + a**4/12 - a**3/3 - 25*a**2. Give u(-2).
14
Let x be (-3)/(-2)*250/(-75). Let r(l) = -l**3 - 4*l**2 + 6*l + 1. Calculate r(x).
-4
Suppose 4*a + 7 + 5 = 0. Let m(v) = v**2 - 2*v - 3. What is m(a)?
12
Let g = 0 - -7. Let x(f) = -3*f**2 + 4 - 2*f**2 - g*f + 13*f**2 - f**3 + 0*f**3. Give x(7).
4
Let q(j) = -j**2 - j**2 - 6*j - j**3 + 5*j**2 + 4*j**2 - 5. What is q(6)?
-5
Let w(k) = -4*k - 25. Let p be w(-6). Let a(y) = -6*y**2 - y. Determine a(p).
-5
Let c(v) = -v - 2. Let m(b) = -1. Let h(a) = -2*c(a) + 3*m(a). What is h(3)?
7
Let l be 8/(-6)*(-4 - -1). Let v = -2 + l. Let t(i) = 2*i**v - 2 - 3*i**2 + 0*i**2. What is t(2)?
-6
Let n(h) = -2*h**2 - 11*h + 11. Let l(r) = r**2 + 5*r - 5. Let v(b) = -9*l(b) - 4*n(b). Let p(g) = -2*g + 5. Let y be p(4). Let t be 1/(y/2 + 1). Give v(t).
-1
Let k(a) = -3*a**2 + 5*a + 2. Let c(t) = 16*t**2 - 24*t - 10. Let h(b) = -2*c(b) - 11*k(b). Determine h(6).
-8
Let r(u) be the third derivative of -u**4/4 + 6*u**2. Determine r(1).
-6
Let z(o) = 5*o - 2. Let a be -2*((-33)/(-6) - 1). Let f be a/6*4/(-3). Calculate z(f).
8
Let g = -4 - -3. Let w(k) = 0 - 1 + 2. Let v(p) = p**3. Let t(o) = -6*v(o) - w(o). Give t(g).
5
Let n(a) = 4*a**2 + 3. Let d(p) = 3*p**2 + 3. Let z(i) = -6*d(i) + 5*n(i). What is z(-3)?
15
Let l(i) = -5*i + 7. Let q(m) = -6*m + 9. Let z(u) = -5*l(u) + 4*q(u). Calculate z(-2).
-1
Let g be 8/68 + 424/(-136). Let u(z) = -z**3 - 2*z**2 - z - 3. Let c(w) = w**2 + w - 1. Let s(d) = -c(d) + u(d). What is s(g)?
4
Let r(b) = b**3 - b**2 - b. Let f(z) = 2*z**3 - 6*z**2 - z - 1. Let v(c) = f(c) - 3*r(c). Determine v(-3).
-7
Let s(j) be the first derivative of j**3/3 + 3*j**2 + j - 1. Suppose 4*o = 5*x + 26, -13 = 2*x - 0*x + o. Give s(x).
1
Let a(r) be the third derivative of r**6/40 + r**5/30 - r**4/8 - r**3/3 + 3*r**2 - 3*r. Calculate a(-2).
-12
Let a(i) = 5*i - 1. Let z = -41 - -44. What is a(z)?
14
Let t(q) = 4*q - 9. Let f = 23 - 26. Let m = f - -9. What is t(m)?
15
Let v(g) = -g**3 - g**2 - 1. Let q(r) = 8*r**3 + 7*r**2 + r + 5. Let y(d) = -q(d) - 6*v(d). What is y(1)?
-3
Let v(o) = 11*o. Let k(s) = -100*s. Let t(h) = 6*k(h) + 55*v(h). Let j be (-5)/3 + (-4)/(-6). Give t(j).
-5
Let d(j) = j**2 + 4*j - 7. Suppose i = c + 2 + 5, c = -2*i - 1. Calculate d(c).
-2
Let r = -23 + 25. Let i(k) = -k**3 - 2*k**2 - 2*k + 1. Let o(l) = l**3 + l - 1. Let m(v) = -i(v) - 2*o(v). What is m(r)?
1
Let z(q) = q - 4. Let g(l) = -l + 5. Let o(s) = s**2 + 12*s + 3. Let x be o(-12). Let k = x + -6. Let v(w) = k*g(w) - 2*z(w). What is v(6)?
-1
Let w(f) = f + 6. Let b be (-1)/(1/(-10)) - 0. Let l(o) = 3*o**2 - 1. Let n be l(-2). Suppose -k = -5*v + b - 45, -v - n = -k. Calculate w(v).
0
Let u(f) be the second derivative of f**4/12 + 5*f**3/6 - 3*f**2 + 3*f. Calculate u(-5).
-6
Suppose 2*z + 2 = 5*z + c, -4*z - 5*c = -21. Let q(b) be the third derivative of 0 + 1/24*b**4 + 0*b**5 - b**2 + 0*b + 1/6*b**3 - 1/12*b**6. Give q(z).
10
Let z(p) = -p**3 + 6*p**2 - 2*p + 3. Suppose 5*o - 45 = -15. Give z(o).
-9
Let q(l) = 7*l**2 - l - 1. Suppose -5*u - 3*o = -7, -4*o = -2*u - 2*o - 10. What is q(u)?
7
Let n(p) = -3*p**3 - 8*p**2 - 6*p - 5. Let k(a) = a + 17*a**2 + 6*a + 6*a + 6*a**3 + 11. Let d(f) = -6*k(f) - 13*n(f). Calculate d(1).
4
Let f(i) = -i**3 - 4*i**2 + i + 3. Let p be f(-4). Let m = p + -3. Let n(v) = v + 3. What is n(m)?
-1
Let t(h) = -h**2 + 6*h**2 - 2*h - 14*h**2 + 1 - 10*h**2. Calculate t(1).
-20
Let k(r) = -4*r - 9. Let o = -66 - -60. Give k(o).
15
Let o(h) be the third derivative of h**4/24 - h**3/2 - 3*h**2. Give o(-4).
-7
Let n(j) = 4 - 1 - j + 8*j**2 - 3. Calculate n(1).
7
Suppose 4*s - 11 = 2*l + 1, -3*s + 5*l = -9. Suppose 3*k = -3*w + 9, -4*w = 3*k - 12 + 1. Let v(t) = -1 + 0*t**2 - 2*t + 2 + t**w. Give v(s).
4
Let o be 2*(8/(-4) - 1). Let d(p) = p**3 + 5*p**2 - 7*p - 7. Determine d(o).
-1
Let q(g) = -g**2 + 5*g - 6. Suppose 0 = -f + 3 + 3. Calculate q(f).
-12
Let v(o) = -7*o - 6 + 4*o**3 - 2 + 5*o**2 - 3*o**3. Calculate v(-6).
-2
Let m = 32 + -35. Let d(a) = -1 - 1 + 2*a - 1 - 3*a. Calculate d(m).
0
Let a(r) be the second derivative of -r**3/2 - 5*r**2/2 + 5*r. Calculate a(-7).
16
Suppose 0 = -4*j + 2*r + 7 - 1, -j = r. Let h(n) = -6*n**2. Calculate h(j).
-6
Let y(n) be the second derivative of n**5/24 + n**4/8 + 5*n**3/6 + 10*n. Let k(p) be the second derivative of y(p). What is k(-3)?
-12
Let h be (-22)/8 - (-3)/4. Let x(s) be the second derivative of s**6/720 + s**5/120 - s**4/4 - 2*s. Let y(v) be the third derivative of x(v). Give y(h).
-1
Let d(s) = -2*s + 1. Let a = -2 + 6. Let y be (-2)/8 + 1/a. Let k be 3 + y + 1 + -1. What is d(k)?
-5
Let n(d) be the second derivative of 5*d - 2*d**2 - 5/6*d**3 - 1/12*d**4 + 0. What is n(-3)?
2
Suppose -u + 1 = -1. Let i(j) = 3*j**2 - 2*j - 1. Let t be i(2). Let h(k) = 6*k**2 - t*k**u + k + 4 + 0*k. Calculate h(4).
-8
Let i = 24 + -20. Let l(h) = h + 1 - 1 + i. Give l(-3).
1
Let u(m) = m**2 + m**3 + 4*m + 84 - 84 - 6*m**2. What is u(3)?
-6
Suppose 3*j - s + 1 = -1, -s - 2 = j. Let f(m) = -7*m**2 + 4*m. Let a(h) = h**2 - h. Let v(b) = -3*a(b) - f(b). Calculate v(j).
5
Let y(o) = -o**3 - o**2 - o + 5. Suppose 0 = q + q. Let n be y(q). Let j(t) = t**2 - 3 + 6 + 0*t + n*t. Calculate j(-2).
-3
Let k(i) = i**2 + 11*i + 24. Let q be k(-8). Let r(v) = v**2 + 5. What is r(q)?
5
Let u be 4/6 - (-1)/3. Let i(s) = 1933 - 1933 + 5*s. Calculate i(u).
5
Let t = -62 - -60. Let a(m) = -m**3 - 2*m**2 - 2*m - 3. Calculate a(t).
1
Let i(l) = 6*l + 16. Let k(c) = 2*c + 5. Let o(s) = -5*i(s) + 16*k(s). Calculate o(-3).
-6
Suppose -x - 27 = -4*w, 0*x - 2 = -2*x. Let l = -2 + w. Let v(b) = b**2 + 10. Let d(y) = -y**2 + y - 9. Let j(k) = -5*d(k) - 4*v(k). Give j(l).
5
Let i = 3 + -1. Let s = 4 - i. Let r(t) = -3*t**2 + 2 + t + 4*t**s + 3*t. Calculate r(-3).
-1
Let o(p) = p**3 - 3*p - 1. Let d(g) = g**2 - 3*g. Let m be d(2). What is o(m)?
-3
Suppose 0 = 3*v - 2*v - 3. Let m = v - 2. Let b(n) be the third derivative of n**6/15 + n**5/30 - n**4/24 + 2*n**2. Give b(m).
9
Let k(l) = -l**2. Let r(t) = -7*t**2 - 9*t - 5. Let q(i) = 6*k(i) - r(i). Determine q(-4).
-15
Suppose 4*g = 20 - 4. Let o(q) = 5*q - 5*q - 3 - g*q. Let t(w) = -w**2 + 2*w + 6. Let p be t(4). Determine o(p).
5
Let p(k) = -k**3 - 7*k**2 - 8*k - 7. Suppose -4*d + 2 = -5*y + 36, 0 = 5*y - 10. Determine p(d).
5
Let w(y) = -y**3 + 4*y**2 + y - 2. Let p(s) = 1. Let n(b) = 4*p(b) + w(b). Let a(m) = -m - 1. Let v be a(-4). Calculate n(v).
14
Suppose 0 = 4*c + 5 + 19. Let j(s) be the second derivative of s**4/12 - s**3/6 - 2*s. Let x(v) = -5*v**2 - 4*v - 4. Let u(y) = 4*j(y) + x(y). Give u(c).
8
Let h(l) = l + 15. Let j be h(-11). Suppose -j - 6 = 5*p. Let d(f) = -2*f**2 - 2*f + 1. Determine d(p).
-3
Let d(a) = a**3 + 3*a**2 - 3*a - 7. Let x = -48 + 45. Determine d(x).
2
Let o(s) = -s**3 + s**2 + s - 1. Let l be o(2). Let y = -6 - l. Let g(f) = f**3 + 2*f**2 - f - 4. Determine g(y).
-10
Let i(z) = z**3 + z. Let v(w) = 6*w**3 + w**2 + 2*w - 1. Let t(l) = 5*i(l) - v(l). Determine t(-2).
-1
Let n(h) be the first derivative of 5*h**4/4 - 2*h**3/3 - h**2 - h + 147. Let c be -1 + 1 - (-1 + 2). Determine n(c).
-6
Let n(y) = 1756 - 1748 - y + 2*y. What is n(-5)?
3
Let l(c) = 5*c**3 - 2*c**2 - 5*c + 4. Let h(n) = 9*n**3 - 3*n**2 - 10*n + 8. Let p(o) = -6*h(o) + 11*l(o). Give p(3).
2
Let c(s) = -s - 5. Let i be c(-4). Let o = -1 - i. Suppose o*d = z - d + 2, -d = z + 8. Let h(m) = m**2 + 4*m + 4. Determine h(z).
9
Let b(o) = -4*o + 2 + o**2 - 2*o + 7*o. Determine b(0).
2
Let j(m) = 55*m**3 - 3*m**2 + 8*m**2 - 56*m**3. Give j(5).
0
Let g(j) = -15 + 4 - j + 2 + 7. Give g(5).
-7
Let y(f) = f**2 - 4*f - 4. Suppose -5*p + 17 = -83. Suppose 3*l = 3*x + l - 8, -4*l + p = 3*x. Determine y(x).
-4
Let p(i) be the third derivative of -i**6/120 + i**5/12 + i**4/4 - 3*i**3/2 + 9*i**2 - 2*i. Give p(6).
-9
Let c(r) = r**3 + 5*r**2 + 2*r + 6. Let l(y) = 3*y**3 + 19*y**2 + 7*y + 1. Let x be l(-6). Determine c(x).
-4
Suppose